q - w, -q = -0*q + 3. What is the highest common factor of 41 and r?
41
Let g be 39/91 + (-106)/(-14). Suppose -7*s = -g*s + 2*o + 210, -3*s - 2*o = -654. What is the greatest common divisor of 36 and s?
36
Let x(b) = -477*b + 6813. Let p be x(14). Calculate the highest common factor of 2355 and p.
15
Let o(g) = 8*g**2 - 149*g + 840. Let r be o(10). What is the greatest common factor of r and 3550?
50
Let p = 3147 + -3082. What is the highest common divisor of p and 1014?
13
Let x be (-242)/(-132)*(-3)/2*-4. Suppose -9*z - 40 = -x*z. Suppose 0 = -6*i + 74 - z. Calculate the greatest common divisor of 45 and i.
9
Let o = 44 - 87. Let j = 32 + -103. Let d = o - j. What is the greatest common divisor of d and 252?
28
Suppose 274*j - 60018 = 42*j + 8886. What is the highest common divisor of 253 and j?
11
Let d = 6 + 4. Suppose -d*u = -44 - 56. What is the highest common divisor of 25 and u?
5
Suppose -6 = -3*m + 9*m. Let r be (-1)/(4/(12/(-3)))*-6. Let k be (r - -4) + (-10)/m. What is the greatest common divisor of 2 and k?
2
Let s(c) = -480*c + 2668. Let y be s(5). Calculate the highest common factor of y and 268.
268
Let p(j) = 47*j**3 + 61*j**3 + 2*j**2 - 101*j**3 - j. Let m be p(1). Calculate the highest common divisor of m and 12.
4
Suppose -6246 = -4*p + 5*x, -5*x = 5*p - 9*x - 7812. What is the greatest common divisor of p and 184?
92
Suppose -5*c + 3*l + 181 = 6*l, -3*l = 9. Let p = c + -2. What is the greatest common divisor of 4 and p?
4
Suppose 6*h = -6*h + 5*h. Suppose -2*k - 4*k = h. Let w(l) = l**3 - l**2 + 53. Let q be w(k). What is the greatest common factor of q and 106?
53
Suppose -1197 = -5*t + 16403. Suppose -53*x = -63*x + t. What is the greatest common factor of x and 32?
32
Let l = -182 - -590. Suppose 6*y + l = 14*y. Calculate the greatest common divisor of y and 12.
3
Let i be 90/75*10/4. Suppose i*d - 122 = -5*z, 5*d - z = 7*d - 86. Suppose -20 + 53 = 3*h. What is the highest common factor of h and d?
11
Let h be 3 + 1292/18 + (-4)/(-18). Calculate the highest common factor of h and 3075.
75
Let y(c) = -3*c**2 - 6*c + 1513. Let r be y(-23). What is the greatest common divisor of r and 4416?
64
Suppose -5*r + 12 = -193. Suppose f + 24 = r. Suppose 4*h - a - 3*a = 252, -h = 5*a - 93. What is the highest common divisor of h and f?
17
Let t(w) = 4*w - 66. Let s be t(19). Let z = -92 + 362. What is the highest common divisor of s and z?
10
Suppose 0 = q - 3*d - 6, 0 = -7*q + 3*q + 4*d - 8. Let w be 176/q*(3 - (-3)/(-2)). Let t = 26 - w. What is the highest common divisor of t and 10?
10
Suppose 24 = 3*p + 7*y - 4*y, -3*p + y + 40 = 0. Let i be (0 + 4/12)*0. Suppose -n + 6*n - 40 = i. What is the highest common divisor of p and n?
4
Let z be ((-32)/6)/((-3)/261). Suppose 11*h - z + 200 = 0. Let k = 11 + 1. Calculate the highest common divisor of k and h.
12
Let f(b) = -94*b**3 + 16*b**2 - 2*b - 12. Let g be f(-6). Suppose -34*p - 5172 + g = 0. Calculate the highest common factor of 42 and p.
42
Suppose -94*q = -187*q + 1140216 + 699231. What is the greatest common factor of q and 171?
57
Let m be 2/2*(6 + 1). Let l = -32 + 51. Suppose -405 + 139 = -l*y. What is the greatest common factor of m and y?
7
Let i be 1216/19*35/10. What is the highest common divisor of i and 1760?
32
Let i be 2/((-4)/6) - 8*7. Let j = 61 + i. Suppose 2*t - t + 17 = 5*m, -m - j*t + 10 = 0. What is the greatest common divisor of m and 20?
4
Suppose 0 = -2*u - u + 5*r + 361, -2*r = -2*u + 238. Suppose 4*h - u = -3*v, 2*v - 6*v = -4*h + 96. What is the highest common divisor of h and 45?
9
Let b = -174 + 239. Suppose -5*j = -l + b, -4*j = -l + 67 - 3. What is the highest common factor of l and 45?
15
Suppose 13*n - 9*n = -9*n + 442. Let b = -6 - -8. What is the highest common divisor of b and n?
2
Let w = -154 + 529. Let r be 7/(49/7)*15. Calculate the greatest common factor of w and r.
15
Let z be ((-8)/(-10))/(216/110 + -2). Let u be -20 - z - (-349 + -1). Suppose 3*j - u = -j. Calculate the greatest common factor of 11 and j.
11
Suppose -8*j + 55 = -9. Suppose 0 = -6*d + 8*d - 640. Suppose 19*r = 14*r + d. Calculate the greatest common divisor of j and r.
8
Suppose 5*a - 554 = -2*b, -28*a + 30*a + 850 = 3*b. Suppose -x = 5*x - 36. Calculate the highest common factor of x and b.
6
Let t be (-256)/(-14) + (-2)/7. Let l = 44799 + -44775. Calculate the greatest common factor of l and t.
6
Suppose 5200 = 138*x - 7*x - 2005. What is the greatest common factor of 8921 and x?
11
Suppose -y = 2*o, -3*y - y = -o - 9. Suppose -a = 2*a. Suppose a*b - y*b = -54. Calculate the highest common factor of 36 and b.
9
Suppose 25*r - 3*r - 16750 = 64166. Calculate the greatest common divisor of 30 and r.
6
Let d(w) = -15*w + 42. Let x(o) = -13*o + 41. Let l(v) = -5*d(v) + 6*x(v). Let g be l(8). Calculate the greatest common divisor of g and 9.
3
Let m be -2282*(8 + (-406)/49). Suppose 713 = c + m. Calculate the greatest common divisor of c and 427.
61
Let v be (48/(-36))/(4/(-21)). Suppose 14*z - 1386 = v*z. What is the highest common factor of 18 and z?
18
Let y(l) = -l**2 + 4*l + 32. Let r be y(8). Let u be (38/4 + r)/(30/60). What is the greatest common divisor of u and 247?
19
Let a = -714 + 1266. What is the greatest common factor of 84 and a?
12
Suppose 6*d - 24 = 2*d, -1293 = -5*p - 3*d. Calculate the highest common factor of 1395 and p.
15
Suppose -284*r = -106*r - 1068. Calculate the greatest common factor of r and 1732.
2
Let t(m) = m**2 + 4*m - 2. Let f be t(3). Suppose 112 = 4*i + 2*q, 0 = 15*q - 14*q. Suppose i*a = f*a + 45. What is the highest common factor of 50 and a?
5
Suppose 0 = -5*s - 20, k + 3*s = -0*k. Suppose 16*r - 22*r = -k. What is the highest common divisor of 1 and r?
1
Suppose 0 = -11*y + 4*y + 455. Let u = y + -3. What is the greatest common factor of 682 and u?
62
Suppose -3*o = 9*o - 168. Suppose 0 = -3*w + 5*q + 37, -4*w + q - 12 + 67 = 0. What is the highest common factor of w and o?
14
Suppose 196*p + 97 = 197*p + 2*c, -89 = -p + 2*c. What is the greatest common divisor of 1829 and p?
31
Let c be (2/3)/(2/((-14256)/(-24))). What is the greatest common divisor of 21186 and c?
198
Let y = -188 + 300. Suppose 17 = y*h - 111*h. Calculate the greatest common factor of h and 1.
1
Let n = -29233 - -54745. Calculate the highest common factor of 24 and n.
24
Suppose -5*w - 118 + 123 = 0. Suppose o - l = 59 - w, -2*o + 4*l = -114. Calculate the greatest common divisor of 118 and o.
59
Let j be (-9 - 0)*10/15 + 9. Let o be 1 - (0 + 2 + -3). Suppose 0 = 4*w + 2*r + o*r - 212, -j = -3*r. Calculate the greatest common factor of 13 and w.
13
Suppose -2*i - i + 5*r = 22, 0 = -5*i + r. Suppose -2 = h + i, -3*v + 2*h = -69. What is the greatest common divisor of v and 28?
7
Suppose -68*y - 45*y + 577 = -1683. What is the highest common divisor of y and 490?
10
Let w(k) = 14*k + 4. Let t = -149 - -155. Let g be w(t). Calculate the greatest common divisor of 110 and g.
22
Let h(n) = 15*n - 9. Let f be h(1). Suppose 7*o + 1 = f*o. Let s be 5 - (o - -5) - (1 - 38). What is the greatest common divisor of 95 and s?
19
Suppose 0 = -9*g + 6*g + 9. Suppose 470 = g*d + 4*n - 6, 2*d - 3*n = 323. Suppose -l = l - d. What is the greatest common factor of l and 20?
20
Let b = -695 + 700. Let w(g) = 7*g**3 - 9*g**2 - 5*g + 20. Let o be w(b). Calculate the highest common factor of 15 and o.
15
Suppose 54 - 466 = 4*u. Let c = 102 + u. Let j be (c - (1 - 0))/(1 + -3). What is the greatest common factor of 2 and j?
1
Let f(h) = -959*h - 156. Let x be f(-9). Calculate the greatest common divisor of 25 and x.
25
Let l be ((-9)/3 - -2)/((-2)/310). Let f = 11 - 5. Suppose 515 = f*b + l. What is the greatest common factor of b and 90?
30
Let q(b) = 7*b**2 - 19*b + 24. Let l(u) = -22*u**2 + 58*u - 68. Let j(y) = 5*l(y) + 16*q(y). Let r be j(8). What is the highest common factor of 108 and r?
12
Let i(n) = 10*n + 14*n**2 - 12*n**2 + 14 + 20. Let b be i(-13). Let q = -13 + 35. What is the greatest common factor of q and b?
22
Let z(o) = -11*o**3 - 18*o**2 - 43*o + 9. Let s be z(-7). What is the highest common divisor of s and 9?
3
Let g = 194 - -472. Let c = g + -654. Let x be ((-6)/4)/((-6)/32). What is the highest common factor of x and c?
4
Let n(x) = -29*x - 55 - 23*x + 8